{"id":1127,"date":"2025-11-18T04:32:24","date_gmt":"2025-11-18T04:32:24","guid":{"rendered":"https:\/\/amclinicas.org\/?page_id=1127"},"modified":"2025-11-18T04:51:09","modified_gmt":"2025-11-18T04:51:09","slug":"eventos-complemetarios","status":"publish","type":"page","link":"https:\/\/amclinicas.org\/index.php\/eventos-complemetarios\/","title":{"rendered":"Eventos Complementarios"},"content":{"rendered":"\t\t<div data-elementor-type=\"wp-page\" data-elementor-id=\"1127\" class=\"elementor elementor-1127\">\n\t\t\t\t<div class=\"elementor-element elementor-element-b83fe6a e-flex e-con-boxed sc_layouts_column_icons_position_left e-con e-parent\" data-id=\"b83fe6a\" data-element_type=\"container\">\n\t\t\t\t\t<div class=\"e-con-inner\">\n\t\t\t\t<div class=\"elementor-element elementor-element-8a64296 sc_fly_static elementor-widget elementor-widget-text-editor\" data-id=\"8a64296\" data-element_type=\"widget\" data-widget_type=\"text-editor.default\">\n\t\t\t\t\t\t\t\t\t<h4 style=\"text-align: center;\"><strong>PR\u00c1CTICAS Y EVENTOS COMPLEMENTARIOS<\/strong><\/h4><p>\u00a0<\/p><p class=\"p1\"><span style=\"color: #000000;\"><span class=\"s1\"><span lang=\"ES-MX\">Creemos que el aprendizaje no se limita al aula.<\/span><\/span><span lang=\"ES-MX\"> <span class=\"s1\">Nuestros alumnos, adem\u00e1s de realizar sus pr\u00e1cticas f\u00edsicas dentro del sal\u00f3n de clases, tambi\u00e9n participan en <\/span><span class=\"s2\">pr\u00e1cticas externas<\/span><span class=\"s1\"> que les permiten aplicar sus conocimientos en entornos reales.<\/span><\/span><\/span><\/p><p class=\"p1\"><span style=\"color: #000000;\"><span class=\"s1\"><span lang=\"ES-MX\">Visitamos <\/span><\/span><span class=\"s2\"><span lang=\"ES-MX\">asilos, conventos y distintas instituciones<\/span><\/span><span class=\"s1\"><span lang=\"ES-MX\"> que nos abren sus puertas para brindar atenci\u00f3n y compartir los conocimientos adquiridos durante el diplomado. Estas experiencias fortalecen la sensibilidad humana, la empat\u00eda y la capacidad profesional de cada estudiante.<\/span><\/span><\/span><\/p><p><!-- default-view.php -->\n<div\n\tclass=\"ngg-galleryoverview default-view\n\t\t\"\n\tid=\"ngg-gallery-3374cd8c874e73206a7a4d37f2fe9f4d-1\">\n\n\t\t<!-- Thumbnails -->\n\t\t\t\t<div id=\"ngg-image-0\" class=\"ngg-gallery-thumbnail-box\n\t\t\t\t\t\t\t\t\t\t\t\"\n\t\t\t>\n\t\t\t\t\t\t<div class=\"ngg-gallery-thumbnail\">\n\t\t\t<a href=\"https:\/\/amclinicas.org\/wp-content\/gallery\/practicas\/fotosAMC-1.jpg\"\n\t\t\t\ttitle=\"\"\n\t\t\t\tdata-src=\"https:\/\/amclinicas.org\/wp-content\/gallery\/practicas\/fotosAMC-1.jpg\"\n\t\t\t\tdata-thumbnail=\"https:\/\/amclinicas.org\/wp-content\/gallery\/practicas\/thumbs\/thumbs-fotosAMC-1.jpg\"\n\t\t\t\tdata-image-id=\"11\"\n\t\t\t\tdata-title=\"fotosAMC-1\"\n\t\t\t\tdata-description=\"\"\n\t\t\t\tdata-image-slug=\"fotosamc-1\"\n\t\t\t\tclass=\"ngg-simplelightbox\" rel=\"3374cd8c874e73206a7a4d37f2fe9f4d\">\n\t\t\t\t<img\n\t\t\t\t\ttitle=\"fotosAMC-1\"\n\t\t\t\t\talt=\"fotosAMC-1\"\n\t\t\t\t\tsrc=\"https:\/\/amclinicas.org\/wp-content\/gallery\/practicas\/thumbs\/thumbs-fotosAMC-1.jpg\"\n\t\t\t\t\twidth=\"240\"\n\t\t\t\t\theight=\"160\"\n\t\t\t\t\tstyle=\"max-width:100%;\"\n\t\t\t\t\/>\n\t\t\t<\/a>\n\t\t<\/div>\n\t\t\t\t\t\t\t<\/div>\n\t\t\t\n\t\t\t\t<div id=\"ngg-image-1\" class=\"ngg-gallery-thumbnail-box\n\t\t\t\t\t\t\t\t\t\t\t\"\n\t\t\t>\n\t\t\t\t\t\t<div class=\"ngg-gallery-thumbnail\">\n\t\t\t<a href=\"https:\/\/amclinicas.org\/wp-content\/gallery\/practicas\/fotosAMC-4.jpg\"\n\t\t\t\ttitle=\"\"\n\t\t\t\tdata-src=\"https:\/\/amclinicas.org\/wp-content\/gallery\/practicas\/fotosAMC-4.jpg\"\n\t\t\t\tdata-thumbnail=\"https:\/\/amclinicas.org\/wp-content\/gallery\/practicas\/thumbs\/thumbs-fotosAMC-4.jpg\"\n\t\t\t\tdata-image-id=\"12\"\n\t\t\t\tdata-title=\"fotosAMC-4\"\n\t\t\t\tdata-description=\"\"\n\t\t\t\tdata-image-slug=\"fotosamc-4\"\n\t\t\t\tclass=\"ngg-simplelightbox\" rel=\"3374cd8c874e73206a7a4d37f2fe9f4d\">\n\t\t\t\t<img\n\t\t\t\t\ttitle=\"fotosAMC-4\"\n\t\t\t\t\talt=\"fotosAMC-4\"\n\t\t\t\t\tsrc=\"https:\/\/amclinicas.org\/wp-content\/gallery\/practicas\/thumbs\/thumbs-fotosAMC-4.jpg\"\n\t\t\t\t\twidth=\"240\"\n\t\t\t\t\theight=\"160\"\n\t\t\t\t\tstyle=\"max-width:100%;\"\n\t\t\t\t\/>\n\t\t\t<\/a>\n\t\t<\/div>\n\t\t\t\t\t\t\t<\/div>\n\t\t\t\n\t\t\t\t<div id=\"ngg-image-2\" class=\"ngg-gallery-thumbnail-box\n\t\t\t\t\t\t\t\t\t\t\t\"\n\t\t\t>\n\t\t\t\t\t\t<div class=\"ngg-gallery-thumbnail\">\n\t\t\t<a href=\"https:\/\/amclinicas.org\/wp-content\/gallery\/practicas\/fotosAMC-2.jpg\"\n\t\t\t\ttitle=\"\"\n\t\t\t\tdata-src=\"https:\/\/amclinicas.org\/wp-content\/gallery\/practicas\/fotosAMC-2.jpg\"\n\t\t\t\tdata-thumbnail=\"https:\/\/amclinicas.org\/wp-content\/gallery\/practicas\/thumbs\/thumbs-fotosAMC-2.jpg\"\n\t\t\t\tdata-image-id=\"13\"\n\t\t\t\tdata-title=\"fotosAMC-2\"\n\t\t\t\tdata-description=\"\"\n\t\t\t\tdata-image-slug=\"fotosamc-2\"\n\t\t\t\tclass=\"ngg-simplelightbox\" rel=\"3374cd8c874e73206a7a4d37f2fe9f4d\">\n\t\t\t\t<img\n\t\t\t\t\ttitle=\"fotosAMC-2\"\n\t\t\t\t\talt=\"fotosAMC-2\"\n\t\t\t\t\tsrc=\"https:\/\/amclinicas.org\/wp-content\/gallery\/practicas\/thumbs\/thumbs-fotosAMC-2.jpg\"\n\t\t\t\t\twidth=\"240\"\n\t\t\t\t\theight=\"160\"\n\t\t\t\t\tstyle=\"max-width:100%;\"\n\t\t\t\t\/>\n\t\t\t<\/a>\n\t\t<\/div>\n\t\t\t\t\t\t\t<\/div>\n\t\t\t\n\t\t\t\t<div id=\"ngg-image-3\" class=\"ngg-gallery-thumbnail-box\n\t\t\t\t\t\t\t\t\t\t\t\"\n\t\t\t>\n\t\t\t\t\t\t<div class=\"ngg-gallery-thumbnail\">\n\t\t\t<a href=\"https:\/\/amclinicas.org\/wp-content\/gallery\/practicas\/fotosAMC-3.jpg\"\n\t\t\t\ttitle=\"\"\n\t\t\t\tdata-src=\"https:\/\/amclinicas.org\/wp-content\/gallery\/practicas\/fotosAMC-3.jpg\"\n\t\t\t\tdata-thumbnail=\"https:\/\/amclinicas.org\/wp-content\/gallery\/practicas\/thumbs\/thumbs-fotosAMC-3.jpg\"\n\t\t\t\tdata-image-id=\"14\"\n\t\t\t\tdata-title=\"fotosAMC-3\"\n\t\t\t\tdata-description=\"\"\n\t\t\t\tdata-image-slug=\"fotosamc-3\"\n\t\t\t\tclass=\"ngg-simplelightbox\" rel=\"3374cd8c874e73206a7a4d37f2fe9f4d\">\n\t\t\t\t<img\n\t\t\t\t\ttitle=\"fotosAMC-3\"\n\t\t\t\t\talt=\"fotosAMC-3\"\n\t\t\t\t\tsrc=\"https:\/\/amclinicas.org\/wp-content\/gallery\/practicas\/thumbs\/thumbs-fotosAMC-3.jpg\"\n\t\t\t\t\twidth=\"240\"\n\t\t\t\t\theight=\"160\"\n\t\t\t\t\tstyle=\"max-width:100%;\"\n\t\t\t\t\/>\n\t\t\t<\/a>\n\t\t<\/div>\n\t\t\t\t\t\t\t<\/div>\n\t\t\t\n\t\t\t\t<div id=\"ngg-image-4\" class=\"ngg-gallery-thumbnail-box\n\t\t\t\t\t\t\t\t\t\t\t\"\n\t\t\t>\n\t\t\t\t\t\t<div class=\"ngg-gallery-thumbnail\">\n\t\t\t<a href=\"https:\/\/amclinicas.org\/wp-content\/gallery\/practicas\/fotosAMC-5.jpg\"\n\t\t\t\ttitle=\"\"\n\t\t\t\tdata-src=\"https:\/\/amclinicas.org\/wp-content\/gallery\/practicas\/fotosAMC-5.jpg\"\n\t\t\t\tdata-thumbnail=\"https:\/\/amclinicas.org\/wp-content\/gallery\/practicas\/thumbs\/thumbs-fotosAMC-5.jpg\"\n\t\t\t\tdata-image-id=\"15\"\n\t\t\t\tdata-title=\"fotosAMC-5\"\n\t\t\t\tdata-description=\"\"\n\t\t\t\tdata-image-slug=\"fotosamc-5\"\n\t\t\t\tclass=\"ngg-simplelightbox\" rel=\"3374cd8c874e73206a7a4d37f2fe9f4d\">\n\t\t\t\t<img\n\t\t\t\t\ttitle=\"fotosAMC-5\"\n\t\t\t\t\talt=\"fotosAMC-5\"\n\t\t\t\t\tsrc=\"https:\/\/amclinicas.org\/wp-content\/gallery\/practicas\/thumbs\/thumbs-fotosAMC-5.jpg\"\n\t\t\t\t\twidth=\"240\"\n\t\t\t\t\theight=\"160\"\n\t\t\t\t\tstyle=\"max-width:100%;\"\n\t\t\t\t\/>\n\t\t\t<\/a>\n\t\t<\/div>\n\t\t\t\t\t\t\t<\/div>\n\t\t\t\n\t\t\t\t<div id=\"ngg-image-5\" class=\"ngg-gallery-thumbnail-box\n\t\t\t\t\t\t\t\t\t\t\t\"\n\t\t\t>\n\t\t\t\t\t\t<div class=\"ngg-gallery-thumbnail\">\n\t\t\t<a href=\"https:\/\/amclinicas.org\/wp-content\/gallery\/practicas\/fotosAMC-6.jpg\"\n\t\t\t\ttitle=\"\"\n\t\t\t\tdata-src=\"https:\/\/amclinicas.org\/wp-content\/gallery\/practicas\/fotosAMC-6.jpg\"\n\t\t\t\tdata-thumbnail=\"https:\/\/amclinicas.org\/wp-content\/gallery\/practicas\/thumbs\/thumbs-fotosAMC-6.jpg\"\n\t\t\t\tdata-image-id=\"16\"\n\t\t\t\tdata-title=\"fotosAMC-6\"\n\t\t\t\tdata-description=\"\"\n\t\t\t\tdata-image-slug=\"fotosamc-6\"\n\t\t\t\tclass=\"ngg-simplelightbox\" rel=\"3374cd8c874e73206a7a4d37f2fe9f4d\">\n\t\t\t\t<img\n\t\t\t\t\ttitle=\"fotosAMC-6\"\n\t\t\t\t\talt=\"fotosAMC-6\"\n\t\t\t\t\tsrc=\"https:\/\/amclinicas.org\/wp-content\/gallery\/practicas\/thumbs\/thumbs-fotosAMC-6.jpg\"\n\t\t\t\t\twidth=\"240\"\n\t\t\t\t\theight=\"160\"\n\t\t\t\t\tstyle=\"max-width:100%;\"\n\t\t\t\t\/>\n\t\t\t<\/a>\n\t\t<\/div>\n\t\t\t\t\t\t\t<\/div>\n\t\t\t\n\t\t\t\t<div id=\"ngg-image-6\" class=\"ngg-gallery-thumbnail-box\n\t\t\t\t\t\t\t\t\t\t\t\"\n\t\t\t>\n\t\t\t\t\t\t<div class=\"ngg-gallery-thumbnail\">\n\t\t\t<a href=\"https:\/\/amclinicas.org\/wp-content\/gallery\/practicas\/fotosAMC-8.jpg\"\n\t\t\t\ttitle=\"\"\n\t\t\t\tdata-src=\"https:\/\/amclinicas.org\/wp-content\/gallery\/practicas\/fotosAMC-8.jpg\"\n\t\t\t\tdata-thumbnail=\"https:\/\/amclinicas.org\/wp-content\/gallery\/practicas\/thumbs\/thumbs-fotosAMC-8.jpg\"\n\t\t\t\tdata-image-id=\"17\"\n\t\t\t\tdata-title=\"fotosAMC-8\"\n\t\t\t\tdata-description=\"\"\n\t\t\t\tdata-image-slug=\"fotosamc-8\"\n\t\t\t\tclass=\"ngg-simplelightbox\" rel=\"3374cd8c874e73206a7a4d37f2fe9f4d\">\n\t\t\t\t<img\n\t\t\t\t\ttitle=\"fotosAMC-8\"\n\t\t\t\t\talt=\"fotosAMC-8\"\n\t\t\t\t\tsrc=\"https:\/\/amclinicas.org\/wp-content\/gallery\/practicas\/thumbs\/thumbs-fotosAMC-8.jpg\"\n\t\t\t\t\twidth=\"240\"\n\t\t\t\t\theight=\"160\"\n\t\t\t\t\tstyle=\"max-width:100%;\"\n\t\t\t\t\/>\n\t\t\t<\/a>\n\t\t<\/div>\n\t\t\t\t\t\t\t<\/div>\n\t\t\t\n\t\t\t\t<div id=\"ngg-image-7\" class=\"ngg-gallery-thumbnail-box\n\t\t\t\t\t\t\t\t\t\t\t\"\n\t\t\t>\n\t\t\t\t\t\t<div class=\"ngg-gallery-thumbnail\">\n\t\t\t<a href=\"https:\/\/amclinicas.org\/wp-content\/gallery\/practicas\/fotosAMC-7.jpg\"\n\t\t\t\ttitle=\"\"\n\t\t\t\tdata-src=\"https:\/\/amclinicas.org\/wp-content\/gallery\/practicas\/fotosAMC-7.jpg\"\n\t\t\t\tdata-thumbnail=\"https:\/\/amclinicas.org\/wp-content\/gallery\/practicas\/thumbs\/thumbs-fotosAMC-7.jpg\"\n\t\t\t\tdata-image-id=\"18\"\n\t\t\t\tdata-title=\"fotosAMC-7\"\n\t\t\t\tdata-description=\"\"\n\t\t\t\tdata-image-slug=\"fotosamc-7\"\n\t\t\t\tclass=\"ngg-simplelightbox\" rel=\"3374cd8c874e73206a7a4d37f2fe9f4d\">\n\t\t\t\t<img\n\t\t\t\t\ttitle=\"fotosAMC-7\"\n\t\t\t\t\talt=\"fotosAMC-7\"\n\t\t\t\t\tsrc=\"https:\/\/amclinicas.org\/wp-content\/gallery\/practicas\/thumbs\/thumbs-fotosAMC-7.jpg\"\n\t\t\t\t\twidth=\"240\"\n\t\t\t\t\theight=\"160\"\n\t\t\t\t\tstyle=\"max-width:100%;\"\n\t\t\t\t\/>\n\t\t\t<\/a>\n\t\t<\/div>\n\t\t\t\t\t\t\t<\/div>\n\t\t\t\n\t\n\t<br style=\"clear: both\" \/>\n\n\t\n\t\t<!-- Pagination -->\n\t\t<div class='ngg-clear'><\/div>\t<\/div>\n<\/p><p class=\"p1\"><span style=\"color: #000000;\"><span class=\"s1\"><span lang=\"ES-MX\">Adem\u00e1s, fomentamos su participaci\u00f3n en <\/span><\/span><span class=\"s2\"><span lang=\"ES-MX\">esposiciones, congresos, simposios y eventos especializados<\/span><\/span><span class=\"s1\"><span lang=\"ES-MX\">, donde pueden <\/span><\/span><span class=\"s2\"><span lang=\"ES-MX\">conectarse con expertos, proveedores y colegas del \u00e1rea<\/span><\/span><span class=\"s1\"><span lang=\"ES-MX\">, ampliando su visi\u00f3n del campo laboral y creando redes profesionales.<\/span><\/span><\/span><\/p><p class=\"p1\"><span style=\"color: #000000;\"><span class=\"s1\"><span lang=\"ES-MX\">Nuestra <\/span><\/span><span class=\"s2\"><span lang=\"ES-MX\">visi\u00f3n a futuro<\/span><\/span><span class=\"s1\"><span lang=\"ES-MX\"> es seguir participando activamente en este tipo de espacios, promoviendo la visibilidad de nuestros alumnos y ofreci\u00e9ndoles m\u00e1s oportunidades para adquirir <\/span><\/span><span class=\"s2\"><span lang=\"ES-MX\">experiencia profesional fuera del aula<\/span><\/span><span class=\"s1\"><span lang=\"ES-MX\">.<\/span><\/span><\/span><\/p>\t\t\t\t\t\t\t\t<\/div>\n\t\t\t\t\t<\/div>\n\t\t\t\t<\/div>\n\t\t\t\t<\/div>\n\t\t","protected":false},"excerpt":{"rendered":"<p>PR\u00c1CTICAS Y EVENTOS COMPLEMENTARIOS \u00a0 Creemos que el aprendizaje no se limita al aula. Nuestros alumnos, adem\u00e1s de realizar sus pr\u00e1cticas f\u00edsicas dentro del sal\u00f3n de clases, tambi\u00e9n participan en&hellip;<\/p>\n","protected":false},"author":1,"featured_media":0,"parent":0,"menu_order":0,"comment_status":"closed","ping_status":"closed","template":"","meta":{"ngg_post_thumbnail":0,"_joinchat":[],"footnotes":""},"class_list":["post-1127","page","type-page","status-publish","hentry"],"_links":{"self":[{"href":"https:\/\/amclinicas.org\/index.php\/wp-json\/wp\/v2\/pages\/1127","targetHints":{"allow":["GET"]}}],"collection":[{"href":"https:\/\/amclinicas.org\/index.php\/wp-json\/wp\/v2\/pages"}],"about":[{"href":"https:\/\/amclinicas.org\/index.php\/wp-json\/wp\/v2\/types\/page"}],"author":[{"embeddable":true,"href":"https:\/\/amclinicas.org\/index.php\/wp-json\/wp\/v2\/users\/1"}],"replies":[{"embeddable":true,"href":"https:\/\/amclinicas.org\/index.php\/wp-json\/wp\/v2\/comments?post=1127"}],"version-history":[{"count":7,"href":"https:\/\/amclinicas.org\/index.php\/wp-json\/wp\/v2\/pages\/1127\/revisions"}],"predecessor-version":[{"id":1145,"href":"https:\/\/amclinicas.org\/index.php\/wp-json\/wp\/v2\/pages\/1127\/revisions\/1145"}],"wp:attachment":[{"href":"https:\/\/amclinicas.org\/index.php\/wp-json\/wp\/v2\/media?parent=1127"}],"curies":[{"name":"wp","href":"https:\/\/api.w.org\/{rel}","templated":true}]}}